**2 + 4*n. What is the hundreds digit of v(3)?
1
Suppose 2*b = 7*b. Suppose -5*i + 15 = -b*i. What is the units digit of i?
3
Let w be (-2 - (1 - 6)) + -1. Suppose 3*u + 0*u - 12 = 0, 5*u = -4*h + 44. Suppose 4*r = -x + 5, -w*x = 3*r - h + 1. What is the units digit of r?
1
Let v be 1*(-6)/(-2) + 571. What is the units digit of v/42 - (-2)/6?
4
Let f be 0/(1 + 1 - 0). Let q = f + 3. What is the units digit of q?
3
Let x = 336 + -63. What is the hundreds digit of x?
2
Let s = -173 + 278. What is the tens digit of s?
0
Suppose 5*x - 184 = i, 2*i + 91 = 5*x - 97. What is the units digit of x?
6
Let q(p) = p**3 + 4*p**2 - 3*p - 4. Let z be q(-4). Let t(a) = -3*a**3 - 2*a**3 - z*a**3 - 4 + 3. What is the units digit of t(-1)?
2
Let w be (2/(-6))/(1/(-6)). Let k(q) = -q**2 - 12*q + 5. Let j be k(-12). Suppose 0 = -w*i - 2*h + 10, -j*i - 3*h + 13 = -4. What is the units digit of i?
1
Let b(f) = 7. Let l(z) = -z + 14. Let w(v) = 11*b(v) - 6*l(v). What is the tens digit of w(6)?
2
Suppose 11*i + 120 = 16*i. What is the units digit of (i/10)/((-13)/(-195))?
6
Let h = -84 + 141. Suppose -h = 4*y - 7*y. Let m = y - 10. What is the units digit of m?
9
Let s(z) = 3*z**2 - 4*z - 12. Let y be s(5). What is the units digit of y + -1 + 13 + -14?
1
Let r(a) = 4*a + 9. Let f(i) = i**3 + 4*i**2 - 2*i - 2. Let g be f(-4). What is the units digit of r(g)?
3
Let q be 3 - ((-5)/(-1) + -3). Let c = 14 + q. What is the tens digit of c?
1
Let i be ((-12)/(-12))/((-1)/(-5)). Suppose -4*b + i*t = -71, 4*b - 2*t = 2*t + 68. What is the tens digit of b?
1
Suppose 2*a - 102 = -4*a. What is the tens digit of a?
1
Let k(o) be the third derivative of -o**5/40 + o**4/12 + o**3/3 + 2*o**2. Let c(f) be the first derivative of k(f). What is the tens digit of c(-6)?
2
Let h be (-1)/3 + 2420/(-30). What is the tens digit of (9/27)/((-1)/h)?
2
Suppose -56 = -2*m + 2*o, -6*m + 2*m - o = -122. What is the units digit of m?
0
Suppose -3*m + 0*m + 291 = 0. What is the units digit of m?
7
Let w = 31 - 3. Let y = w - 15. Suppose q = -3*d + y, 2*d + d + 2*q - 14 = 0. What is the units digit of d?
4
Let d(i) = 14*i + 3. What is the tens digit of d(2)?
3
Suppose -5*g - 195 = 45. Let p be g/(-5)*50/15. Suppose 0 = -4*v + 5*z + 61, 2*z - p = -2*v + 6*z. What is the tens digit of v?
1
Suppose 48 = x + 4. What is the tens digit of x?
4
Let y be -11 + 0 - (-4 - -1). Let a be (6/y)/((-3)/360). Suppose a = 5*u + 5*h, -3*h + 118 - 26 = 5*u. What is the tens digit of u?
1
Let j(a) = -a**3 + a**2 + 4. Let k be j(0). Suppose 0 = 9*r - k*r. Suppose r*l - 2*l = -28. What is the tens digit of l?
1
Let y(q) = -3*q + 1. Let g be y(-1). Suppose 6*p = 2*p + g, 3*c - 8 = p. Suppose 0 = c*h + 2*h + 4*r - 29, -5*r + 5 = 0. What is the units digit of h?
5
Suppose 55 = 3*l + 3*v - 17, 4*l - 96 = -5*v. Suppose -3*g - 45 = -6*k + k, -3*g - 39 = -4*k. Suppose -2*o = -k - l. What is the tens digit of o?
1
Suppose 3*f = f + 10, 4*f - 52 = -4*y. Let t(b) = -b + 9*b - 3 - 2*b - 4*b. What is the tens digit of t(y)?
1
Let l(b) = -b + 2. Suppose -6*r = -r - 3*x - 11, -5*x = 2*r - 23. Let u be l(r). What is the units digit of u + 3 + -1 - -3?
3
Let y(d) = -d**3 + d + 12. Suppose 2*v = -3*v. Let o be y(v). What is the tens digit of o + (0/1)/1?
1
Suppose 0 = 25*y - 26*y + 310. What is the units digit of y?
0
Suppose 0 = 7*l - 2*l. Suppose -f + 4*w = -26, l = 4*f - 0*w - 2*w - 118. Suppose -23 = -4*h - q, -2*q + f = 3*h + 3*q. What is the units digit of h?
5
Suppose -9*o = -5*o + 32. Let n(w) = w**2 + 6*w - 4. What is the units digit of n(o)?
2
Suppose 5*k = k + 16. Suppose -5*v + 14 = k. What is the units digit of v?
2
Let j(o) = 14*o - 8. What is the tens digit of j(3)?
3
Suppose -5*d = -3*i + 26 - 0, 0 = -4*i + 5*d + 28. Let a be i/(-9) - 11/(-9). Suppose -f + 10 - a = 0. What is the units digit of f?
9
Suppose -2*n + 5 = 1. Let w be (1 - (1 - -1))*n. Let v = w + 7. What is the units digit of v?
5
Suppose -4*o + 1018 = -o - 4*c, 4*o = 5*c + 1356. What is the tens digit of o?
3
Let b(s) = 3*s**2 - 2. Let z be b(2). Let t(d) = -z + 1 - 4 - 2*d. What is the units digit of t(-9)?
5
What is the hundreds digit of (-4220)/(-22) + 14/77?
1
Suppose -15*y + 1106 = -1084. What is the hundreds digit of y?
1
Let w(o) = o**3 + 5*o**2 - 5*o - 5. Let c = 11 - 16. What is the units digit of w(c)?
0
Suppose -12 + 4 = l. Let x = 16 + l. What is the units digit of x?
8
Suppose -58*x - 1498 = -65*x. What is the units digit of x?
4
What is the units digit of 53*(-4 + 3)/(-1)?
3
Suppose i = 3*k + 2*k - 30, -2*k = 2*i. Suppose 44 = 4*m - h, -k*h + 20 = -0*h. Suppose 5*f - m = 2*r, 3*r + 10 = 3*f - r. What is the units digit of f?
2
Suppose 3*m + 2*m + 20 = 0. Let b be m/6 + 145/15. Suppose 0 = 3*f - b + 3. What is the units digit of f?
2
Let h be 1*(-1 + 2) - -1. Suppose 10 = 3*q - h. What is the units digit of q?
4
Let v be (-2)/(-5) - 13/(-5). Suppose 0 = -d - v*d + 28. Let p = d - 5. What is the units digit of p?
2
What is the units digit of (-14)/(-28)*(0 - -116)?
8
Let q(j) = 3*j + 56. What is the tens digit of q(-13)?
1
What is the units digit of -2 - ((-4)/(-2) + -63)?
9
Let x be 8/10*15/6. Suppose 2*a - 5*o - 10 = 0, x*a + 0*a + 4*o - 10 = 0. Suppose 0*m + 2*m + 2*u = 10, -5 = a*u. What is the units digit of m?
6
Suppose 0 = 3*d - 3*u + 129, -7*u + 3*u - 68 = d. Let m = d - -95. What is the units digit of m?
7
Suppose -8*i + 364 = -i. What is the units digit of i?
2
Suppose 0 = 2*w - 179 - 47. What is the tens digit of w?
1
Let q(h) = 3*h**3 + 2*h - 3*h**3 - 2 - h**3 + 4*h**2. What is the units digit of q(3)?
3
Suppose 2*s - 5 - 77 = 0. What is the tens digit of s?
4
Let j(s) = -3*s. Let w(p) = p**2 - 13*p + 3. Let a be w(12). What is the tens digit of j(a)?
2
Let y = -25 + 61. Suppose l + y = -l. Let p = -4 - l. What is the tens digit of p?
1
What is the units digit of (8/6)/(5/(-1755)*-6)?
8
Let r be (-1)/(0 + 2 - 1). What is the tens digit of (-26)/(-1)*r/(-2)?
1
Let u(r) = -5*r - 1. Let y be (-1)/4 + 33/4. Suppose 0*a = -4*a - y. What is the units digit of u(a)?
9
Suppose 2*x + 2*x = -84. What is the tens digit of 4/(3 - 7) - x?
2
Let x = 39 - 74. Let k = -18 - x. What is the tens digit of k?
1
Let q = -12 - -7. Let p(v) = v + 7. Let t be p(q). Suppose -t*s = 2*s + 20, 5*z + s = 15. What is the units digit of z?
4
Suppose 0 = 2*a + 2*n - 362, 5*n - n - 905 = -5*a. What is the units digit of a?
1
Let d = 6 - 3. Suppose -5*z - 4*q = -42, -d*q + 2 = -2*z + 28. Suppose -3*j + m = -z, 3*m = j + m - 5. What is the units digit of j?
3
Let o be ((-2)/(-4))/((-1)/12). Let d = o + 9. What is the units digit of d?
3
Let k(l) = -3*l - 6. Let h be k(-3). Suppose -w - h = -36. What is the units digit of w?
3
Let q = -284 + 405. What is the units digit of q?
1
Let w = -11 + 2. Let u = 15 + w. What is the units digit of u?
6
Let g(o) = -o**3 + 3*o**2 + 2*o + 4. Let q be g(4). Let a(d) = d**2 + 3*d + 1. What is the units digit of a(q)?
5
Suppose 9*o - 555 = 4*o. What is the units digit of o?
1
Suppose -5*w + 396 = w. What is the tens digit of w?
6
Let w(h) = 4*h**2 + h + 4. Let f = -15 - -18. What is the tens digit of w(f)?
4
Let r(i) = 3*i**2 - 25*i + 8. What is the units digit of r(10)?
8
Let h(l) = 2*l - 2. Let d be h(-6). Let k be (1 + d/10)*-10. Suppose 4*v + 0*x - 27 = -x, -5*v - k*x = -20. What is the units digit of v?
8
Let x(g) = g**3 + 8*g**2 + 3*g - 6. Let r be x(-7). Suppose 4*s - 16 = -4, 5*t - s - r = 0. Let c = t - 2. What is the units digit of c?
3
Let d(c) = -c**3 - 12*c**2 - 13*c - 7. Let q be d(-11). Suppose u = q + 26. What is the units digit of u?
1
Let j = 20 + -18. What is the units digit of j?
2
Suppose 4*x + 73 = n + x, 2*n - 5*x = 146. What is the tens digit of n?
7
Suppose 2*k = 5*m - 768, 4*m - 4*k = 458 + 166. What is the hundreds digit of m?
1
Suppose -88 = 3*f - 2*i, -4*i + i + 147 = -5*f. What is the units digit of f/50 + 208/5?
1
Let k = -15 + 31. Suppose 3*n - 5*n = -k. What is the units digit of n?
8
Suppose 0 = -2*g + 1 + 1. Let s be (12/30)/(g/10). Suppose 5*t = t + s. What is the units digit of t?
1
Suppose 211 + 335 = 6*n. Let o = n - 47. What is the units digit of o?
4
Let v(j) = -j**3 - 5*j**2 - 3*j + 4. Let i be v(-4). Suppose 5*a + i*a = 140. What is the tens digit of a?
2
Suppose 104 = 4*l - 200. What is th